[INFO] cloning repository https://github.com/Gyromone/gyromone
[INFO] running `Command { std: "git" "-c" "credential.helper=" "-c" "credential.helper=/workspace/cargo-home/bin/git-credential-null" "clone" "--bare" "https://github.com/Gyromone/gyromone" "/workspace/cache/git-repos/https%3A%2F%2Fgithub.com%2FGyromone%2Fgyromone", kill_on_drop: false }`
[INFO] [stderr] Cloning into bare repository '/workspace/cache/git-repos/https%3A%2F%2Fgithub.com%2FGyromone%2Fgyromone'...
[INFO] running `Command { std: "git" "rev-parse" "HEAD", kill_on_drop: false }`
[INFO] [stdout] c4f29adf3bbd7d559cd6a8b70e258552af337f24
[INFO] checking Gyromone/gyromone against master#cfbc6d4cf1acbac5c025acf8ed68929caa551df3 for pr-75494-beta
[INFO] running `Command { std: "git" "clone" "/workspace/cache/git-repos/https%3A%2F%2Fgithub.com%2FGyromone%2Fgyromone" "/workspace/builds/worker-8/source", kill_on_drop: false }`
[INFO] [stderr] Cloning into '/workspace/builds/worker-8/source'...
[INFO] [stderr] done.
[INFO] validating manifest of git repo https://github.com/Gyromone/gyromone on toolchain cfbc6d4cf1acbac5c025acf8ed68929caa551df3
[INFO] running `Command { std: "/workspace/cargo-home/bin/cargo" "+cfbc6d4cf1acbac5c025acf8ed68929caa551df3" "read-manifest" "--manifest-path" "Cargo.toml", kill_on_drop: false }`
[INFO] started tweaking git repo https://github.com/Gyromone/gyromone
[INFO] finished tweaking git repo https://github.com/Gyromone/gyromone
[INFO] tweaked toml for git repo https://github.com/Gyromone/gyromone written to /workspace/builds/worker-8/source/Cargo.toml
[INFO] crate git repo https://github.com/Gyromone/gyromone already has a lockfile, it will not be regenerated
[INFO] running `Command { std: "/workspace/cargo-home/bin/cargo" "+cfbc6d4cf1acbac5c025acf8ed68929caa551df3" "fetch" "--locked" "--manifest-path" "Cargo.toml", kill_on_drop: false }`
[INFO] [stderr]     Blocking waiting for file lock on package cache
[INFO] [stderr]  Downloading crates ...
[INFO] [stderr]   Downloaded slog-term v2.6.0
[INFO] [stderr]   Downloaded cache-padded v1.1.1
[INFO] [stderr]   Downloaded fastrand v1.3.3
[INFO] [stderr]   Downloaded async-trait v0.1.36
[INFO] [stderr]   Downloaded sct v0.5.0
[INFO] [stderr]   Downloaded bincode v1.3.1
[INFO] [stderr]   Downloaded rustls v0.15.2
[INFO] [stderr]   Downloaded webpki v0.19.1
[INFO] [stderr]   Downloaded async-std v1.6.2
[INFO] [stderr]   Downloaded redis v0.16.0
[INFO] [stderr]   Downloaded gotham v0.4.0
[INFO] [stderr]   Downloaded tokio-rustls v0.9.4
[INFO] [stderr]   Downloaded gotham_derive v0.4.0
[INFO] [stderr]   Downloaded kv-log-macro v1.0.7
[INFO] [stderr]   Downloaded parking v1.0.4
[INFO] [stderr]   Downloaded combine v4.2.1
[INFO] [stderr]   Downloaded slog-async v2.5.0
[INFO] [stderr]   Downloaded borrow-bag v1.0.0
[INFO] running `Command { std: "docker" "create" "-v" "/var/lib/crater-agent-workspace/builds/worker-8/target:/opt/rustwide/target:rw,Z" "-v" "/var/lib/crater-agent-workspace/builds/worker-8/source:/opt/rustwide/workdir:ro,Z" "-v" "/var/lib/crater-agent-workspace/cargo-home:/opt/rustwide/cargo-home:ro,Z" "-v" "/var/lib/crater-agent-workspace/rustup-home:/opt/rustwide/rustup-home:ro,Z" "-e" "SOURCE_DIR=/opt/rustwide/workdir" "-e" "CARGO_TARGET_DIR=/opt/rustwide/target" "-e" "CARGO_HOME=/opt/rustwide/cargo-home" "-e" "RUSTUP_HOME=/opt/rustwide/rustup-home" "-w" "/opt/rustwide/workdir" "-m" "1610612736" "--user" "0:0" "--network" "none" "rustops/crates-build-env@sha256:a636fd89d022f18117e1dc8fb37a0a009933cdbbe082814857f0e2024962d47c" "/opt/rustwide/cargo-home/bin/cargo" "+cfbc6d4cf1acbac5c025acf8ed68929caa551df3" "metadata" "--no-deps" "--format-version=1", kill_on_drop: false }`
[INFO] [stdout] 329cd0ed0c11e5382815b0451b1d8c634276c27eae8834bc71d3734226ab2a72
[INFO] [stderr] WARNING: Your kernel does not support swap limit capabilities or the cgroup is not mounted. Memory limited without swap.
[INFO] running `Command { std: "docker" "start" "-a" "329cd0ed0c11e5382815b0451b1d8c634276c27eae8834bc71d3734226ab2a72", kill_on_drop: false }`
[INFO] running `Command { std: "docker" "inspect" "329cd0ed0c11e5382815b0451b1d8c634276c27eae8834bc71d3734226ab2a72", kill_on_drop: false }`
[INFO] running `Command { std: "docker" "rm" "-f" "329cd0ed0c11e5382815b0451b1d8c634276c27eae8834bc71d3734226ab2a72", kill_on_drop: false }`
[INFO] [stdout] 329cd0ed0c11e5382815b0451b1d8c634276c27eae8834bc71d3734226ab2a72
[INFO] running `Command { std: "docker" "create" "-v" "/var/lib/crater-agent-workspace/builds/worker-8/target:/opt/rustwide/target:rw,Z" "-v" "/var/lib/crater-agent-workspace/builds/worker-8/source:/opt/rustwide/workdir:ro,Z" "-v" "/var/lib/crater-agent-workspace/cargo-home:/opt/rustwide/cargo-home:ro,Z" "-v" "/var/lib/crater-agent-workspace/rustup-home:/opt/rustwide/rustup-home:ro,Z" "-e" "SOURCE_DIR=/opt/rustwide/workdir" "-e" "CARGO_TARGET_DIR=/opt/rustwide/target" "-e" "CARGO_INCREMENTAL=0" "-e" "RUST_BACKTRACE=full" "-e" "RUSTFLAGS=--cap-lints=forbid" "-e" "CARGO_HOME=/opt/rustwide/cargo-home" "-e" "RUSTUP_HOME=/opt/rustwide/rustup-home" "-w" "/opt/rustwide/workdir" "-m" "1610612736" "--user" "0:0" "--network" "none" "rustops/crates-build-env@sha256:a636fd89d022f18117e1dc8fb37a0a009933cdbbe082814857f0e2024962d47c" "/opt/rustwide/cargo-home/bin/cargo" "+cfbc6d4cf1acbac5c025acf8ed68929caa551df3" "check" "--frozen" "--all" "--all-targets" "--message-format=json", kill_on_drop: false }`
[INFO] [stdout] c820a610420543f2e7465da33be64c784b8de58b2e7dafc495f426919af4e5cb
[INFO] [stderr] WARNING: Your kernel does not support swap limit capabilities or the cgroup is not mounted. Memory limited without swap.
[INFO] running `Command { std: "docker" "start" "-a" "c820a610420543f2e7465da33be64c784b8de58b2e7dafc495f426919af4e5cb", kill_on_drop: false }`
[INFO] [stderr]    Compiling syn v1.0.33
[INFO] [stderr]    Compiling log v0.4.8
[INFO] [stderr]     Checking futures v0.1.29
[INFO] [stderr]     Checking either v1.5.3
[INFO] [stderr]    Compiling version_check v0.9.2
[INFO] [stderr]     Checking fnv v1.0.7
[INFO] [stderr]     Checking rand_core v0.4.2
[INFO] [stderr]    Compiling typenum v1.12.0
[INFO] [stderr]     Checking itoa v0.4.6
[INFO] [stderr]    Compiling rustc-demangle v0.1.16
[INFO] [stderr]     Checking matches v0.1.8
[INFO] [stderr]    Compiling pulldown-cmark v0.2.0
[INFO] [stderr]     Checking untrusted v0.6.2
[INFO] [stderr]     Checking spin v0.5.2
[INFO] [stderr]    Compiling bytecount v0.4.0
[INFO] [stderr]    Compiling proc-macro2 v0.4.30
[INFO] [stderr]    Compiling glob v0.2.11
[INFO] [stderr]    Compiling httparse v1.3.4
[INFO] [stderr]     Checking try-lock v0.2.3
[INFO] [stderr]    Compiling failure_derive v0.1.8
[INFO] [stderr]     Checking adler v0.2.3
[INFO] [stderr]    Compiling openssl v0.10.30
[INFO] [stderr]     Checking gimli v0.22.0
[INFO] [stderr]     Checking parking v1.0.4
[INFO] [stderr]    Compiling native-tls v0.2.4
[INFO] [stderr]     Checking object v0.20.0
[INFO] [stderr]     Checking byte-tools v0.3.1
[INFO] [stderr]     Checking openssl-probe v0.1.2
[INFO] [stderr]     Checking mime v0.3.16
[INFO] [stderr]     Checking fake-simd v0.1.2
[INFO] [stderr]     Checking take_mut v0.2.2
[INFO] [stderr]     Checking sha1 v0.6.0
[INFO] [stderr]     Checking opaque-debug v0.2.3
[INFO] [stderr]    Compiling memoffset v0.5.5
[INFO] [stderr]    Compiling num-traits v0.2.12
[INFO] [stderr]    Compiling indexmap v1.4.0
[INFO] [stderr]    Compiling num-integer v0.1.43
[INFO] [stderr]    Compiling ring v0.14.6
[INFO] [stderr]    Compiling openssl-sys v0.9.58
[INFO] [stderr]     Checking futures-task v0.3.5
[INFO] [stderr]     Checking unicode-bidi v0.3.4
[INFO] [stderr]     Checking concurrent-queue v1.1.1
[INFO] [stderr]     Checking rand_core v0.3.1
[INFO] [stderr]     Checking rand_jitter v0.1.4
[INFO] [stderr]     Checking miniz_oxide v0.4.0
[INFO] [stderr]     Checking block-padding v0.1.5
[INFO] [stderr]    Compiling proc-macro2 v1.0.18
[INFO] [stderr]    Compiling bitflags v1.2.1
[INFO] [stderr]    Compiling ryu v1.0.5
[INFO] [stderr]    Compiling error-chain v0.12.2
[INFO] [stderr]    Compiling unicase v2.6.0
[INFO] [stderr]     Checking rand_xorshift v0.1.1
[INFO] [stderr]     Checking rand_isaac v0.1.1
[INFO] [stderr]     Checking rand_hc v0.1.0
[INFO] [stderr]     Checking net2 v0.2.34
[INFO] [stderr]     Checking parking_lot_core v0.8.0
[INFO] [stderr]     Checking rand_os v0.1.3
[INFO] [stderr]     Checking dirs-sys v0.3.5
[INFO] [stderr]     Checking socket2 v0.3.12
[INFO] [stderr]     Checking atty v0.2.14
[INFO] [stderr]    Compiling backtrace v0.3.50
[INFO] [stderr]    Compiling rand v0.4.6
[INFO] [stderr]     Checking base64 v0.10.1
[INFO] [stderr]     Checking rand_chacha v0.1.1
[INFO] [stderr]     Checking rand_pcg v0.1.2
[INFO] [stderr]     Checking idna v0.2.0
[INFO] [stderr]     Checking idna v0.1.5
[INFO] [stderr]     Checking bytes v0.4.12
[INFO] [stderr]     Checking cookie v0.12.0
[INFO] [stderr]     Checking kv-log-macro v1.0.7
[INFO] [stderr]     Checking dirs v2.0.2
[INFO] [stderr]     Checking crossbeam-queue v0.2.3
[INFO] [stderr]     Checking crossbeam-channel v0.4.2
[INFO] [stderr]     Checking regex v1.3.9
[INFO] [stderr]    Compiling quote v1.0.7
[INFO] [stderr]     Checking parking_lot v0.11.0
[INFO] [stderr]     Checking mio v0.6.22
[INFO] [stderr]     Checking tokio-executor v0.1.10
[INFO] [stderr]     Checking tokio-sync v0.1.8
[INFO] [stderr]     Checking futures-cpupool v0.1.8
[INFO] [stderr]     Checking want v0.2.0
[INFO] [stderr]     Checking rand v0.6.5
[INFO] [stderr]    Compiling quote v0.6.13
[INFO] [stderr]     Checking crossbeam-epoch v0.8.2
[INFO] [stderr]     Checking term v0.6.1
[INFO] [stderr]     Checking tokio-io v0.1.13
[INFO] [stderr]     Checking http v0.1.21
[INFO] [stderr]     Checking string v0.2.1
[INFO] [stderr]     Checking tokio-buf v0.1.1
[INFO] [stderr]     Checking url v1.7.2
[INFO] [stderr]     Checking url v2.1.1
[INFO] [stderr]     Checking tokio-current-thread v0.1.7
[INFO] [stderr]     Checking tokio-timer v0.2.13
[INFO] [stderr]     Checking scheduled-thread-pool v0.2.5
[INFO] [stderr]    Compiling tempdir v0.3.7
[INFO] [stderr]     Checking slog-async v2.5.0
[INFO] [stderr]    Compiling syn v0.15.44
[INFO] [stderr]     Checking crossbeam-deque v0.7.3
[INFO] [stderr]    Compiling mime_guess v2.0.3
[INFO] [stderr]     Checking mio-uds v0.6.8
[INFO] [stderr]     Checking addr2line v0.13.0
[INFO] [stderr]     Checking uuid v0.7.4
[INFO] [stderr]     Checking tokio-codec v0.1.2
[INFO] [stderr]     Checking r2d2 v0.8.9
[INFO] [stderr]     Checking generic-array v0.12.3
[INFO] [stderr]     Checking tokio v0.2.21
[INFO] [stderr]     Checking tokio-threadpool v0.1.18
[INFO] [stderr]     Checking chrono v0.4.13
[INFO] [stderr]     Checking digest v0.8.1
[INFO] [stderr]     Checking block-buffer v0.7.3
[INFO] [stderr]     Checking crypto-mac v0.7.0
[INFO] [stderr]     Checking tokio-fs v0.1.7
[INFO] [stderr]     Checking sha2 v0.8.2
[INFO] [stderr]     Checking hmac v0.7.1
[INFO] [stderr]     Checking webpki v0.19.1
[INFO] [stderr]     Checking sct v0.5.0
[INFO] [stderr]     Checking slog-term v2.6.0
[INFO] [stderr]     Checking rustls v0.15.2
[INFO] [stderr]     Checking h2 v0.1.26
[INFO] [stderr]     Checking http-body v0.1.0
[INFO] [stderr]     Checking tokio-util v0.3.1
[INFO] [stderr]    Compiling gotham_derive v0.4.0
[INFO] [stderr]     Checking tokio-rustls v0.9.4
[INFO] [stderr]    Compiling synstructure v0.12.4
[INFO] [stderr]    Compiling serde_derive v1.0.114
[INFO] [stderr]    Compiling pin-project-internal v0.4.22
[INFO] [stderr]    Compiling async-trait v0.1.36
[INFO] [stderr]     Checking failure v0.1.8
[INFO] [stderr]     Checking pin-project v0.4.22
[INFO] [stderr]     Checking futures-util v0.3.5
[INFO] [stderr]    Compiling serde v1.0.114
[INFO] [stderr]     Checking blocking v0.4.6
[INFO] [stderr]     Checking combine v4.2.1
[INFO] [stderr]     Checking smol v0.1.18
[INFO] [stderr]     Checking async-std v1.6.2
[INFO] [stderr]     Checking bincode v1.3.1
[INFO] [stderr]     Checking serde_json v1.0.56
[INFO] [stderr]     Checking serde_yaml v0.8.13
[INFO] [stderr]    Compiling semver v0.9.0
[INFO] [stderr]    Compiling rustc_version v0.2.3
[INFO] [stderr]    Compiling parking_lot_core v0.6.2
[INFO] [stderr]    Compiling parking_lot v0.9.0
[INFO] [stderr]    Compiling hyper v0.12.35
[INFO] [stderr]    Compiling cargo_metadata v0.6.4
[INFO] [stderr]     Checking tokio-reactor v0.1.12
[INFO] [stderr]    Compiling skeptic v0.13.4
[INFO] [stderr]     Checking tokio-tcp v0.1.4
[INFO] [stderr]     Checking tokio-uds v0.2.7
[INFO] [stderr]     Checking tokio-udp v0.1.6
[INFO] [stderr]     Checking tokio v0.1.22
[INFO] [stderr]    Compiling borrow-bag v1.0.0
[INFO] [stderr]     Checking redis v0.16.0
[INFO] [stderr]     Checking hyper-tls v0.3.2
[INFO] [stderr]     Checking gotham v0.4.0
[INFO] [stderr]     Checking gyromone v0.1.0 (/opt/rustwide/workdir)
[INFO] [stdout] warning: unused import: `serde::de::DeserializeOwned`
[INFO] [stdout]   --> src/lib.rs:21:5
[INFO] [stdout]    |
[INFO] [stdout] 21 | use serde::de::DeserializeOwned;
[INFO] [stdout]    |     ^^^^^^^^^^^^^^^^^^^^^^^^^^^
[INFO] [stdout]    |
[INFO] [stdout]    = note: `#[warn(unused_imports)]` on by default
[INFO] [stdout] 
[INFO] [stdout] 
[INFO] [stdout] warning: unused import: `Deserialize`
[INFO] [stdout]   --> src/lib.rs:22:13
[INFO] [stdout]    |
[INFO] [stdout] 22 | use serde::{Deserialize, Serialize};
[INFO] [stdout]    |             ^^^^^^^^^^^
[INFO] [stdout] 
[INFO] [stdout] 
[INFO] [stdout] warning: unused import: `serde::de::DeserializeOwned`
[INFO] [stdout]   --> src/lib.rs:21:5
[INFO] [stdout]    |
[INFO] [stdout] 21 | use serde::de::DeserializeOwned;
[INFO] [stdout]    |     ^^^^^^^^^^^^^^^^^^^^^^^^^^^
[INFO] [stdout]    |
[INFO] [stdout]    = note: `#[warn(unused_imports)]` on by default
[INFO] [stdout] 
[INFO] [stdout] 
[INFO] [stdout] warning: unused import: `Deserialize`
[INFO] [stdout]   --> src/lib.rs:22:13
[INFO] [stdout]    |
[INFO] [stdout] 22 | use serde::{Deserialize, Serialize};
[INFO] [stdout]    |             ^^^^^^^^^^^
[INFO] [stdout] 
[INFO] [stdout] 
[INFO] [stdout] error[E0277]: the trait bound `for<'de> run_server::TestPL: config::_::_serde::Deserialize<'de>` is not satisfied
[INFO] [stdout]   --> src/lib.rs:72:16
[INFO] [stdout]    |
[INFO] [stdout] 72 |     let pipe = Pipe::new(
[INFO] [stdout]    |                ^^^^^^^^^ the trait `for<'de> config::_::_serde::Deserialize<'de>` is not implemented for `run_server::TestPL`
[INFO] [stdout]    | 
[INFO] [stdout]   ::: src/job_pipeline/mod.rs:52:5
[INFO] [stdout]    |
[INFO] [stdout] 52 |     pub fn new(topic: &'static str, queue: Arc<Queue>, handler: PipeHandler<PL>) -> Self {
[INFO] [stdout]    |     ------------------------------------------------------------------------------------ required by `job_pipeline::Pipe::<PL>::new`
[INFO] [stdout]    |
[INFO] [stdout]    = note: required because of the requirements on the impl of `config::_::_serde::de::DeserializeOwned` for `run_server::TestPL`
[INFO] [stdout] 
[INFO] [stdout] 
[INFO] [stdout] error[E0277]: the trait bound `for<'de> run_server::TestPL: config::_::_serde::Deserialize<'de>` is not satisfied
[INFO] [stdout]   --> src/lib.rs:78:5
[INFO] [stdout]    |
[INFO] [stdout] 78 |     Center::new(vec![&pipe]);
[INFO] [stdout]    |     ^^^^^^^^^^^ the trait `for<'de> config::_::_serde::Deserialize<'de>` is not implemented for `run_server::TestPL`
[INFO] [stdout]    | 
[INFO] [stdout]   ::: src/job_pipeline/mod.rs:69:5
[INFO] [stdout]    |
[INFO] [stdout] 69 |     pub fn new(pipes: Vec<&'pipe Pipe<PL>>) -> Self {
[INFO] [stdout]    |     ----------------------------------------------- required by `job_pipeline::Center::<'pipe, PL>::new`
[INFO] [stdout]    |
[INFO] [stdout]    = note: required because of the requirements on the impl of `config::_::_serde::de::DeserializeOwned` for `run_server::TestPL`
[INFO] [stdout] 
[INFO] [stdout] 
[INFO] [stdout] error[E0599]: no method named `push` found for struct `job_pipeline::Pipe<run_server::TestPL>` in the current scope
[INFO] [stdout]   --> src/lib.rs:81:10
[INFO] [stdout]    |
[INFO] [stdout] 69 |     struct TestPL {
[INFO] [stdout]    |     ------------- doesn't satisfy `_: config::_::_serde::de::DeserializeOwned`
[INFO] [stdout] ...
[INFO] [stdout] 81 |     pipe.push(value);
[INFO] [stdout]    |          ^^^^ method not found in `job_pipeline::Pipe<run_server::TestPL>`
[INFO] [stdout]    | 
[INFO] [stdout]   ::: src/job_pipeline/mod.rs:14:1
[INFO] [stdout]    |
[INFO] [stdout] 14 | pub struct Pipe<PL: 'static> {
[INFO] [stdout]    | ---------------------------- method `push` not found for this
[INFO] [stdout]    |
[INFO] [stdout]    = note: the method `push` exists but the following trait bounds were not satisfied:
[INFO] [stdout]            `run_server::TestPL: config::_::_serde::de::DeserializeOwned`
[INFO] [stdout] 
[INFO] [stdout] 
[INFO] [stdout] error[E0277]: the trait bound `for<'de> run_server::TestPL: config::_::_serde::Deserialize<'de>` is not satisfied
[INFO] [stdout]   --> src/lib.rs:72:16
[INFO] [stdout]    |
[INFO] [stdout] 72 |     let pipe = Pipe::new(
[INFO] [stdout]    |                ^^^^^^^^^ the trait `for<'de> config::_::_serde::Deserialize<'de>` is not implemented for `run_server::TestPL`
[INFO] [stdout]    | 
[INFO] [stdout]   ::: src/job_pipeline/mod.rs:52:5
[INFO] [stdout]    |
[INFO] [stdout] 52 |     pub fn new(topic: &'static str, queue: Arc<Queue>, handler: PipeHandler<PL>) -> Self {
[INFO] [stdout]    |     ------------------------------------------------------------------------------------ required by `job_pipeline::Pipe::<PL>::new`
[INFO] [stdout]    |
[INFO] [stdout]    = note: required because of the requirements on the impl of `config::_::_serde::de::DeserializeOwned` for `run_server::TestPL`
[INFO] [stdout] 
[INFO] [stdout] 
[INFO] [stdout] error[E0277]: the trait bound `for<'de> run_server::TestPL: config::_::_serde::Deserialize<'de>` is not satisfied
[INFO] [stdout]   --> src/lib.rs:78:5
[INFO] [stdout]    |
[INFO] [stdout] 78 |     Center::new(vec![&pipe]);
[INFO] [stdout]    |     ^^^^^^^^^^^ the trait `for<'de> config::_::_serde::Deserialize<'de>` is not implemented for `run_server::TestPL`
[INFO] [stdout]    | 
[INFO] [stdout]   ::: src/job_pipeline/mod.rs:69:5
[INFO] [stdout]    |
[INFO] [stdout] 69 |     pub fn new(pipes: Vec<&'pipe Pipe<PL>>) -> Self {
[INFO] [stdout]    |     ----------------------------------------------- required by `job_pipeline::Center::<'pipe, PL>::new`
[INFO] [stdout]    |
[INFO] [stdout]    = note: required because of the requirements on the impl of `config::_::_serde::de::DeserializeOwned` for `run_server::TestPL`
[INFO] [stdout] 
[INFO] [stdout] 
[INFO] [stdout] error[E0599]: no method named `push` found for struct `job_pipeline::Pipe<run_server::TestPL>` in the current scope
[INFO] [stdout]   --> src/lib.rs:81:10
[INFO] [stdout]    |
[INFO] [stdout] 69 |     struct TestPL {
[INFO] [stdout]    |     ------------- doesn't satisfy `_: config::_::_serde::de::DeserializeOwned`
[INFO] [stdout] ...
[INFO] [stdout] 81 |     pipe.push(value);
[INFO] [stdout]    |          ^^^^ method not found in `job_pipeline::Pipe<run_server::TestPL>`
[INFO] [stdout]    | 
[INFO] [stdout]   ::: src/job_pipeline/mod.rs:14:1
[INFO] [stdout]    |
[INFO] [stdout] 14 | pub struct Pipe<PL: 'static> {
[INFO] [stdout]    | ---------------------------- method `push` not found for this
[INFO] [stdout]    |
[INFO] [stdout]    = note: the method `push` exists but the following trait bounds were not satisfied:
[INFO] [stdout]            `run_server::TestPL: config::_::_serde::de::DeserializeOwned`
[INFO] [stdout] 
[INFO] [stdout] 
[INFO] [stdout] error: aborting due to 3 previous errors; 2 warnings emitted
[INFO] [stdout] 
[INFO] [stdout] 
[INFO] [stdout] Some errors have detailed explanations: E0277, E0599.
[INFO] [stdout] 
[INFO] [stdout] For more information about an error, try `rustc --explain E0277`.
[INFO] [stdout] 
[INFO] [stderr] error: could not compile `gyromone`.
[INFO] [stderr] 
[INFO] [stderr] To learn more, run the command again with --verbose.
[INFO] [stderr] warning: build failed, waiting for other jobs to finish...
[INFO] [stdout] error: aborting due to 3 previous errors; 2 warnings emitted
[INFO] [stdout] 
[INFO] [stdout] 
[INFO] [stdout] Some errors have detailed explanations: E0277, E0599.
[INFO] [stdout] 
[INFO] [stdout] For more information about an error, try `rustc --explain E0277`.
[INFO] [stdout] 
[INFO] [stderr] error: build failed
[INFO] running `Command { std: "docker" "inspect" "c820a610420543f2e7465da33be64c784b8de58b2e7dafc495f426919af4e5cb", kill_on_drop: false }`
[INFO] running `Command { std: "docker" "rm" "-f" "c820a610420543f2e7465da33be64c784b8de58b2e7dafc495f426919af4e5cb", kill_on_drop: false }`
[INFO] [stdout] c820a610420543f2e7465da33be64c784b8de58b2e7dafc495f426919af4e5cb
